{"id":728,"date":"2019-08-18T18:35:38","date_gmt":"2019-08-18T16:35:38","guid":{"rendered":"https:\/\/souhor.com\/?post_type=product&#038;p=728"},"modified":"2021-04-03T09:46:28","modified_gmt":"2021-04-03T07:46:28","slug":"soin-bronzage-50-ml","status":"publish","type":"product","link":"https:\/\/souhor.com\/?product=soin-bronzage-50-ml","title":{"rendered":"Soin Bronzage 50 ml"},"content":{"rendered":"<p>Soin Bronzage.<\/p>\n<p>&nbsp;<\/p>\n<p>Cette huile favorise le bronzage et hydrate la peau.<\/p>\n<p>Ne constitue pas une protection<\/p>\n<p>&nbsp;<\/p>\n<p>Composition: Huile de S\u00e9same, de coco, d&rsquo;avocat, de beurre de karit\u00e9 et de beurre de cacao.<\/p>\n<p>&nbsp;<\/p>\n<p>&nbsp;<\/p>\n<p>Produit de C\u00f4te d&rsquo;Ivoire.<\/p>\n","protected":false},"excerpt":{"rendered":"<p>Soin Bronzage. &nbsp; Cette huile favorise le bronzage et hydrate la peau. Ne constitue pas une protection &nbsp; Composition: Huile de S\u00e9same, de coco, d&rsquo;avocat, de beurre de karit\u00e9 et de beurre de cacao. &nbsp; &nbsp; Produit de C\u00f4te d&rsquo;Ivoire.<\/p>\n","protected":false},"featured_media":557,"comment_status":"open","ping_status":"closed","template":"","meta":{"jetpack_publicize_message":"","jetpack_publicize_feature_enabled":true,"jetpack_social_post_already_shared":true,"jetpack_social_options":{"image_generator_settings":{"template":"highway","default_image_id":0,"font":"","enabled":false},"version":2}},"product_brand":[],"product_cat":[51],"product_tag":[],"class_list":{"0":"post-728","1":"product","2":"type-product","3":"status-publish","4":"has-post-thumbnail","6":"product_cat-soins-du-corps","8":"first","9":"instock","10":"taxable","11":"shipping-taxable","12":"purchasable","13":"product-type-simple"},"jetpack_publicize_connections":[],"jetpack-related-posts":[],"jetpack_sharing_enabled":true,"_links":{"self":[{"href":"https:\/\/souhor.com\/index.php?rest_route=\/wp\/v2\/product\/728","targetHints":{"allow":["GET"]}}],"collection":[{"href":"https:\/\/souhor.com\/index.php?rest_route=\/wp\/v2\/product"}],"about":[{"href":"https:\/\/souhor.com\/index.php?rest_route=\/wp\/v2\/types\/product"}],"replies":[{"embeddable":true,"href":"https:\/\/souhor.com\/index.php?rest_route=%2Fwp%2Fv2%2Fcomments&post=728"}],"wp:featuredmedia":[{"embeddable":true,"href":"https:\/\/souhor.com\/index.php?rest_route=\/wp\/v2\/media\/557"}],"wp:attachment":[{"href":"https:\/\/souhor.com\/index.php?rest_route=%2Fwp%2Fv2%2Fmedia&parent=728"}],"wp:term":[{"taxonomy":"product_brand","embeddable":true,"href":"https:\/\/souhor.com\/index.php?rest_route=%2Fwp%2Fv2%2Fproduct_brand&post=728"},{"taxonomy":"product_cat","embeddable":true,"href":"https:\/\/souhor.com\/index.php?rest_route=%2Fwp%2Fv2%2Fproduct_cat&post=728"},{"taxonomy":"product_tag","embeddable":true,"href":"https:\/\/souhor.com\/index.php?rest_route=%2Fwp%2Fv2%2Fproduct_tag&post=728"}],"curies":[{"name":"wp","href":"https:\/\/api.w.org\/{rel}","templated":true}]}}