{"id":722,"date":"2019-08-18T17:44:26","date_gmt":"2019-08-18T15:44:26","guid":{"rendered":"https:\/\/souhor.com\/?post_type=product&#038;p=722"},"modified":"2021-08-23T15:17:00","modified_gmt":"2021-08-23T13:17:00","slug":"gommage-miel-100grs","status":"publish","type":"product","link":"https:\/\/souhor.com\/?product=gommage-miel-100grs","title":{"rendered":"Gommage Miel 100grs"},"content":{"rendered":"<p>Gommage au Miel 100 grs<\/p>\n<p>&nbsp;<\/p>\n<p>Nettoie les cellules mortes et stimule la r\u00e9g\u00e9n\u00e9ration cellulaire.<\/p>\n<p>Pour un teint \u00e9clatant.<\/p>\n<p>&nbsp;<\/p>\n<p>Composition: Miel, sucre brun, huile essentielle de cidre, pamplemousse, bois de rose, citron.<\/p>\n<p>&nbsp;<\/p>\n<p>Produit au Maroc<\/p>\n<p>&nbsp;<\/p>\n","protected":false},"excerpt":{"rendered":"<p>Gommage au Miel 100 grs &nbsp; Nettoie les cellules mortes et stimule la r\u00e9g\u00e9n\u00e9ration cellulaire. Pour un teint \u00e9clatant. &nbsp; Composition: Miel, sucre brun, huile essentielle de cidre, pamplemousse, bois de rose, citron. &nbsp; Produit au Maroc &nbsp;<\/p>\n","protected":false},"featured_media":548,"comment_status":"open","ping_status":"closed","template":"","meta":{"jetpack_publicize_message":"","jetpack_publicize_feature_enabled":true,"jetpack_social_post_already_shared":true,"jetpack_social_options":{"image_generator_settings":{"template":"highway","default_image_id":0,"font":"","enabled":false},"version":2}},"product_brand":[],"product_cat":[51],"product_tag":[],"class_list":{"0":"post-722","1":"product","2":"type-product","3":"status-publish","4":"has-post-thumbnail","6":"product_cat-soins-du-corps","8":"first","9":"instock","10":"taxable","11":"shipping-taxable","12":"purchasable","13":"product-type-simple"},"jetpack_publicize_connections":[],"jetpack-related-posts":[],"jetpack_sharing_enabled":true,"_links":{"self":[{"href":"https:\/\/souhor.com\/index.php?rest_route=\/wp\/v2\/product\/722","targetHints":{"allow":["GET"]}}],"collection":[{"href":"https:\/\/souhor.com\/index.php?rest_route=\/wp\/v2\/product"}],"about":[{"href":"https:\/\/souhor.com\/index.php?rest_route=\/wp\/v2\/types\/product"}],"replies":[{"embeddable":true,"href":"https:\/\/souhor.com\/index.php?rest_route=%2Fwp%2Fv2%2Fcomments&post=722"}],"wp:featuredmedia":[{"embeddable":true,"href":"https:\/\/souhor.com\/index.php?rest_route=\/wp\/v2\/media\/548"}],"wp:attachment":[{"href":"https:\/\/souhor.com\/index.php?rest_route=%2Fwp%2Fv2%2Fmedia&parent=722"}],"wp:term":[{"taxonomy":"product_brand","embeddable":true,"href":"https:\/\/souhor.com\/index.php?rest_route=%2Fwp%2Fv2%2Fproduct_brand&post=722"},{"taxonomy":"product_cat","embeddable":true,"href":"https:\/\/souhor.com\/index.php?rest_route=%2Fwp%2Fv2%2Fproduct_cat&post=722"},{"taxonomy":"product_tag","embeddable":true,"href":"https:\/\/souhor.com\/index.php?rest_route=%2Fwp%2Fv2%2Fproduct_tag&post=722"}],"curies":[{"name":"wp","href":"https:\/\/api.w.org\/{rel}","templated":true}]}}