{"id":354,"date":"2019-07-28T18:07:58","date_gmt":"2019-07-28T16:07:58","guid":{"rendered":"https:\/\/souhor.com\/produit\/import-placeholder-for-1157"},"modified":"2020-11-22T11:05:03","modified_gmt":"2020-11-22T09:05:03","slug":"huile-de-goyave-50ml","status":"publish","type":"product","link":"https:\/\/souhor.com\/?product=huile-de-goyave-50ml","title":{"rendered":"Goyave"},"content":{"rendered":"<p>Pur Huile de Goyave 50ml<\/p>\n<p>&nbsp;<\/p>\n<p>Id\u00e9ale pour prendre soin de v\u00f4tre peau, l&rsquo;huile de goyave est reconnue pour son action anti-ride.<\/p>\n<p>&nbsp;<\/p>\n<p>Elle est \u00e9galement b\u00e9n\u00e9fique pour fortifier les cheveux.<\/p>\n<p>&nbsp;<\/p>\n<p>Produit de C\u00f4te d&rsquo;Ivoire.<\/p>\n","protected":false},"excerpt":{"rendered":"<p>Pur Huile de Goyave<\/p>\n<p>&nbsp;<\/p>\n<p>Id\u00e9ale pour prendre soin de v\u00f4tre peau, l&rsquo;huile de goyave est reconnue pour son action anti-ride.<\/p>\n<p>&nbsp;<\/p>\n<p>Elle est \u00e9galement b\u00e9n\u00e9fique pour fortifier les cheveux.<\/p>\n<p>&nbsp;<\/p>\n<p>Produit de C\u00f4te d&rsquo;Ivoire.<\/p>\n","protected":false},"featured_media":5308,"comment_status":"closed","ping_status":"closed","template":"","meta":{"jetpack_publicize_message":"","jetpack_publicize_feature_enabled":true,"jetpack_social_post_already_shared":true,"jetpack_social_options":{"image_generator_settings":{"template":"highway","default_image_id":0,"font":"","enabled":false},"version":2}},"product_brand":[],"product_cat":[50],"product_tag":[],"class_list":{"0":"post-354","1":"product","2":"type-product","3":"status-publish","4":"has-post-thumbnail","6":"product_cat-huiles-cosmetiques-naturelles","8":"first","9":"instock","10":"taxable","11":"shipping-taxable","12":"purchasable","13":"product-type-simple"},"jetpack_publicize_connections":[],"jetpack-related-posts":[],"jetpack_sharing_enabled":true,"_links":{"self":[{"href":"https:\/\/souhor.com\/index.php?rest_route=\/wp\/v2\/product\/354","targetHints":{"allow":["GET"]}}],"collection":[{"href":"https:\/\/souhor.com\/index.php?rest_route=\/wp\/v2\/product"}],"about":[{"href":"https:\/\/souhor.com\/index.php?rest_route=\/wp\/v2\/types\/product"}],"replies":[{"embeddable":true,"href":"https:\/\/souhor.com\/index.php?rest_route=%2Fwp%2Fv2%2Fcomments&post=354"}],"wp:featuredmedia":[{"embeddable":true,"href":"https:\/\/souhor.com\/index.php?rest_route=\/wp\/v2\/media\/5308"}],"wp:attachment":[{"href":"https:\/\/souhor.com\/index.php?rest_route=%2Fwp%2Fv2%2Fmedia&parent=354"}],"wp:term":[{"taxonomy":"product_brand","embeddable":true,"href":"https:\/\/souhor.com\/index.php?rest_route=%2Fwp%2Fv2%2Fproduct_brand&post=354"},{"taxonomy":"product_cat","embeddable":true,"href":"https:\/\/souhor.com\/index.php?rest_route=%2Fwp%2Fv2%2Fproduct_cat&post=354"},{"taxonomy":"product_tag","embeddable":true,"href":"https:\/\/souhor.com\/index.php?rest_route=%2Fwp%2Fv2%2Fproduct_tag&post=354"}],"curies":[{"name":"wp","href":"https:\/\/api.w.org\/{rel}","templated":true}]}}