{"id":348,"date":"2019-07-28T18:07:57","date_gmt":"2019-07-28T16:07:57","guid":{"rendered":"https:\/\/souhor.com\/produit\/import-placeholder-for-1133"},"modified":"2021-04-03T09:48:56","modified_gmt":"2021-04-03T07:48:56","slug":"beurre-de-karite-et-cacao-200grs","status":"publish","type":"product","link":"https:\/\/souhor.com\/?product=beurre-de-karite-et-cacao-200grs","title":{"rendered":"Beurre de Karit\u00e9 et Cacao 200grs"},"content":{"rendered":"<p>Beurre de Karit\u00e9 et Cacao<\/p>\n<p>Hydrate et nourrit.<\/p>\n<p>Redonne son \u00e9clat \u00e0 v\u00f4tre peau.<\/p>\n<p>Produit en C\u00f4te d&rsquo;Ivoire.<\/p>\n<p>&nbsp;<\/p>\n<p>&nbsp;<\/p>\n","protected":false},"excerpt":{"rendered":"<p>Beurre de Karit\u00e9 et Cacao<\/p>\n<p>Hydrate et nourrit.<\/p>\n<p>Redonne son \u00e9clat \u00e0 v\u00f4tre peau.<\/p>\n<p>Produit en C\u00f4te d&rsquo;Ivoire<\/p>\n","protected":false},"featured_media":452,"comment_status":"closed","ping_status":"closed","template":"","meta":{"jetpack_publicize_message":"","jetpack_publicize_feature_enabled":true,"jetpack_social_post_already_shared":true,"jetpack_social_options":{"image_generator_settings":{"template":"highway","default_image_id":0,"font":"","enabled":false},"version":2}},"product_brand":[],"product_cat":[51],"product_tag":[],"class_list":{"0":"post-348","1":"product","2":"type-product","3":"status-publish","4":"has-post-thumbnail","6":"product_cat-soins-du-corps","8":"first","9":"instock","10":"taxable","11":"shipping-taxable","12":"purchasable","13":"product-type-simple"},"jetpack_publicize_connections":[],"jetpack-related-posts":[],"jetpack_sharing_enabled":true,"_links":{"self":[{"href":"https:\/\/souhor.com\/index.php?rest_route=\/wp\/v2\/product\/348","targetHints":{"allow":["GET"]}}],"collection":[{"href":"https:\/\/souhor.com\/index.php?rest_route=\/wp\/v2\/product"}],"about":[{"href":"https:\/\/souhor.com\/index.php?rest_route=\/wp\/v2\/types\/product"}],"replies":[{"embeddable":true,"href":"https:\/\/souhor.com\/index.php?rest_route=%2Fwp%2Fv2%2Fcomments&post=348"}],"wp:featuredmedia":[{"embeddable":true,"href":"https:\/\/souhor.com\/index.php?rest_route=\/wp\/v2\/media\/452"}],"wp:attachment":[{"href":"https:\/\/souhor.com\/index.php?rest_route=%2Fwp%2Fv2%2Fmedia&parent=348"}],"wp:term":[{"taxonomy":"product_brand","embeddable":true,"href":"https:\/\/souhor.com\/index.php?rest_route=%2Fwp%2Fv2%2Fproduct_brand&post=348"},{"taxonomy":"product_cat","embeddable":true,"href":"https:\/\/souhor.com\/index.php?rest_route=%2Fwp%2Fv2%2Fproduct_cat&post=348"},{"taxonomy":"product_tag","embeddable":true,"href":"https:\/\/souhor.com\/index.php?rest_route=%2Fwp%2Fv2%2Fproduct_tag&post=348"}],"curies":[{"name":"wp","href":"https:\/\/api.w.org\/{rel}","templated":true}]}}